{"id":383,"date":"2018-11-16T08:34:53","date_gmt":"2018-11-16T08:34:53","guid":{"rendered":"http:\/\/maxdohner.ch\/web\/?page_id=383"},"modified":"2019-05-14T15:16:09","modified_gmt":"2019-05-14T15:16:09","slug":"home-author","status":"publish","type":"page","link":"https:\/\/maxdohner.ch\/web\/","title":{"rendered":"Home Author"},"content":{"rendered":"<p>[vc_row color_skin=&#8220;skin-dark&#8220; css=&#8220;.vc_custom_1542610781434{background-image: url(http:\/\/maxdohner.ch\/web\/wp-content\/uploads\/2018\/11\/background-02.png?id=395) !important;background-position: center !important;background-repeat: no-repeat !important;background-size: cover !important;}&#8220;][vc_column][gsf_space desktop=&#8220;640&#8243; tablet=&#8220;500&#8243; tablet_portrait=&#8220;400&#8243; mobile_landscape=&#8220;320&#8243; mobile=&#8220;250&#8243;][gsf_heading title=&#8220;TWF4JTIwRG9obmVy&#8220; title_color=&#8220;#ffffff&#8220; title_font_size=&#8220;100|80|60|48|40&#8243; sub_title_font_size=&#8220;18&#8243; el_class=&#8220;heading-border-bottom,mg-bottom-25&#8243;][vc_column_text el_class=&#8220;mg-bottom-50&#8243;]<\/p>\n<ul class=\"author-jobs\">\n<li>Schriftsteller<\/li>\n<\/ul>\n<p>[\/vc_column_text][\/vc_column][vc_column offset=&#8220;vc_col-lg-offset-2 vc_col-lg-8 vc_col-md-offset-1 vc_col-md-10&#8243;][vc_column_text]<span class=\"gsf-dropcap-default primary-font dropcap-white fs-15\" style=\"text-align: justify;\">Geboren 1954 in Uetikon am See ZH. Germanistik und Philosophie an der Universit\u00e4t Z\u00fcrich, danach Deutschlehrer. 1980-1985 Aufenthalt in Nicaragua. Sprachlehrer an der Zentralamerikanischen Universit\u00e4t UCA, Managua. Daneben \u00dcbersetzer und Dolmetscher. Seit 1985 Schriftsteller und Journalist. Bis Juli 2019 fest angestellter Autor der CH Media, der zweitgr\u00f6ssten Tageszeitung der Schweiz, danach freier Schriftsteller. Mitglied der Vereinigung Autoren und Autorinnen (AdS). Zahlreiche Preise f\u00fcr Literatur und Publizistik. Vater von f\u00fcnf Kindern. Lebt in Baden AG.<\/span>[\/vc_column_text][gsf_space desktop=&#8220;123&#8243; tablet=&#8220;100&#8243; tablet_portrait=&#8220;80&#8243; mobile_landscape=&#8220;70&#8243; mobile=&#8220;60&#8243;][\/vc_column][vc_column][gsf_space desktop=&#8220;132&#8243; tablet=&#8220;110&#8243; tablet_portrait=&#8220;90&#8243; mobile_landscape=&#8220;80&#8243; mobile=&#8220;70&#8243;][\/vc_column][\/vc_row][vc_row css=&#8220;.vc_custom_1542614572733{background-color: #f4f3ec !important;}&#8220;][vc_column width=&#8220;5\/6&#8243; offset=&#8220;vc_col-lg-offset-3 vc_col-lg-6 vc_col-md-offset-2 vc_col-md-8 vc_col-sm-offset-1&#8243;][gsf_space desktop=&#8220;65&#8243; tablet=&#8220;60&#8243; tablet_portrait=&#8220;55&#8243; mobile_landscape=&#8220;50&#8243; mobile=&#8220;50&#8243;][gsf_heading layout_style=&#8220;style-3&#8243; title=&#8220;QiVDMyVCQ2NoZXI=&#8220; title_color=&#8220;#333333&#8243; title_font_size=&#8220;48||40|34|30&#8243; sub_title_font_size=&#8220;18&#8243; sub_title_letter_spacing=&#8220;5px&#8220; sub_title_use_theme_fonts=&#8220;&#8220; css=&#8220;.vc_custom_1554181725061{padding-top: 55px !important;padding-bottom: 55px !important;background-image: url(http:\/\/maxdohner.ch\/web\/wp-content\/uploads\/2018\/11\/background-04.png?id=268) !important;background-position: center !important;background-repeat: no-repeat !important;background-size: cover !important;}&#8220; sub_title=&#8220;Das Werk&#8220;][\/vc_column][\/vc_row][vc_row content_width=&#8220;full-desktop&#8220; el_class=&#8220;lg-pd-left-right-0&#8243; css=&#8220;.vc_custom_1542614577694{padding-right: 85px !important;padding-left: 85px !important;background-color: #f4f3ec !important;}&#8220;][vc_column][gsf_space desktop=&#8220;55&#8243; tablet=&#8220;50&#8243; tablet_portrait=&#8220;45&#8243; mobile_landscape=&#8220;40&#8243; mobile=&#8220;40&#8243;][gsf_products products_per_page=&#8220;8&#8243; is_slider=&#8220;on&#8220; columns=&#8220;6&#8243; columns_md=&#8220;4&#8243; columns_sm=&#8220;3&#8243; columns_xs=&#8220;2&#8243; columns_mb=&#8220;1&#8243;][gsf_button title=&#8220;Verstreute Schriften \/ Anthologien \/ Jahrb\u00fccher \/ Zeitschriften&#8220; style=&#8220;outline&#8220; color=&#8220;gray&#8220; align=&#8220;center&#8220; el_class=&#8220;mg-top-55,md-mg-top-40&#8243; link=&#8220;url:http%3A%2F%2Fmaxdohner.ch%2Fweb%2Fdas-werk%2Fanthologien-jahrbuecher-zeitschriften%2F|title:Anthologien%20%2F%20Jahrb%C3%BCcher%20%2F%20Zeitschriften|target:%20_blank|&#8220;][gsf_space desktop=&#8220;100&#8243; tablet=&#8220;80&#8243; tablet_portrait=&#8220;70&#8243; mobile_landscape=&#8220;60&#8243; mobile=&#8220;60&#8243;][\/vc_column][\/vc_row][vc_row][vc_column width=&#8220;5\/6&#8243; offset=&#8220;vc_col-lg-offset-3 vc_col-lg-6 vc_col-md-offset-2 vc_col-md-8 vc_col-sm-offset-1&#8243;][gsf_heading layout_style=&#8220;style-3&#8243; title=&#8220;TGVzdW5nZW4=&#8220; title_color=&#8220;#333333&#8243; title_font_size=&#8220;48||40|34|30&#8243; sub_title_font_size=&#8220;18&#8243; sub_title_letter_spacing=&#8220;5px&#8220; sub_title_use_theme_fonts=&#8220;&#8220; sub_title=&#8220;April 2019&#8243; css=&#8220;.vc_custom_1554145736543{margin-top: 60px !important;margin-bottom: 60px !important;padding-top: 55px !important;padding-bottom: 55px !important;background-image: url(http:\/\/maxdohner.ch\/web\/wp-content\/uploads\/2018\/11\/background-12.png?id=417) !important;background-position: center !important;background-repeat: no-repeat !important;background-size: cover !important;}&#8220;][\/vc_column][vc_column][gsf_events event_layout=&#8220;style-02&#8243; items_per_page=&#8220;3&#8243; event_columns_gutter=&#8220;50&#8243; event_animation=&#8220;&#8220; columns=&#8220;3&#8243; columns_md=&#8220;2&#8243; columns_sm=&#8220;2&#8243; columns_xs=&#8220;1&#8243; columns_mb=&#8220;1&#8243; el_class=&#8220;event-line-between&#8220;][gsf_space desktop=&#8220;73&#8243; tablet=&#8220;65&#8243; tablet_portrait=&#8220;60&#8243; mobile_landscape=&#8220;55&#8243; mobile=&#8220;50&#8243;][gsf_button title=&#8220;Alle ansehen&#8220; style=&#8220;outline&#8220; color=&#8220;gray&#8220; align=&#8220;center&#8220; link=&#8220;url:http%3A%2F%2Fmaxdohner.ch%2Fweb%2Fevents|title:Events|target:%20_blank|&#8220;][gsf_space desktop=&#8220;130&#8243; tablet=&#8220;110&#8243; tablet_portrait=&#8220;90&#8243; mobile_landscape=&#8220;80&#8243; mobile=&#8220;70&#8243;][\/vc_column][\/vc_row][vc_row color_skin=&#8220;skin-dark&#8220; css=&#8220;.vc_custom_1542616192164{background-image: url(http:\/\/maxdohner.ch\/web\/wp-content\/uploads\/2018\/11\/background-14.jpg?id=419) !important;background-position: center !important;background-repeat: no-repeat !important;background-size: cover !important;}&#8220;][vc_column][gsf_space desktop=&#8220;144&#8243; tablet=&#8220;120&#8243; tablet_portrait=&#8220;100&#8243; mobile_landscape=&#8220;80&#8243; mobile=&#8220;70&#8243;][gsf_testimonials layout_style=&#8220;style-02&#8243; quote_image=&#8220;263&#8243; content_line_height=&#8220;2|em&#8220; space_between=&#8220;75|60|50|40|30&#8243; testimonial_use_theme_font=&#8220;&#8220; values=&#8220;%5B%7B%22author_name%22%3A%22CH-Media%22%2C%22author_bio%22%3A%22%5C%22Schreiben%20war%20f%C3%BCr%20diesen%20Vollblut-Formulierer%20offenbar%20stets%20mehr%20als%20nur%20blosses%20Einschmelzen%20gesammelter%20Fakten%20oder%20Meinungen%20f%C3%BCr%20den%20Tag.%20%5C%22%22%7D%2C%7B%22author_name%22%3A%22Magazin%20Blick%20am%20Sonntag%22%2C%22author_bio%22%3A%22%5C%22Max%20Frisch%20sprach%20vom%20Journalismus%20absch%C3%A4tzig%20als%20Gebrauchsliteratur.%20Er%20kannte%20Max%20Dohner%20nicht.%20%5B&#8230;%5D%20%E2%80%9AAm%20Himmel%20kaum%20Gef%C3%A4lle%E2%80%98%20ist%20das%20Werk%20eines%20Journalisten%2C%20wie%20es%20ihn%20in%20der%20Schweiz%20nur%20einmal%20gibt.%5C%22%22%7D%2C%7B%22author_name%22%3A%22Sonntags-Blick%20%2F%20Sie%2BEr%22%2C%22author_job%22%3A%227.%20Januar%202007%22%2C%22author_bio%22%3A%22Max%20Dohner%20erz%C3%A4hlt%20witzig%2C%20geistreich%2C%20auch%20skurril%20und%20schmutzig.%20Es%20sind%20Liebesgeschichten%20%E2%80%93%20es%20ist%20aber%20auch%20eine%20Geschichte%20%C3%BCber%20den%20Wandel%20der%20Gesellschaft%20seit%20den%2060er%20Jahren.%20%20%20%20%20%20%20%20%20%20%20%20%20%20%20%20%20%22%7D%2C%7B%22author_name%22%3A%22Schaffhauser%20Nachrichten%22%2C%22author_job%22%3A%2223.%20November%202003%22%2C%22author_bio%22%3A%22Was%20Dohner%20erz%C3%A4hlt%2C%20trifft%20mitten%20ins%20Herz.%22%7D%5D&#8220; nav=&#8220;on&#8220; nav_position=&#8220;nav-center&#8220; nav_hover_style=&#8220;nav-hover-bg&#8220; nav_hover_scheme=&#8220;hover-light&#8220; autoplay=&#8220;on&#8220; content_typography=&#8220;Libre Baskerville|italic|400|italic&#8220;][gsf_space desktop=&#8220;155&#8243; tablet=&#8220;120&#8243; tablet_portrait=&#8220;100&#8243; mobile_landscape=&#8220;80&#8243; mobile=&#8220;70&#8243;][\/vc_column][\/vc_row]<\/p>\n","protected":false},"excerpt":{"rendered":"<p>[vc_row color_skin=&#8220;skin-dark&#8220; css=&#8220;.vc_custom_1542610781434{background-image: url(http:\/\/maxdohner.ch\/web\/wp-content\/uploads\/2018\/11\/background-02.png?id=395) !important;background-position: center !important;background-repeat: no-repeat !important;background-size: cover !important;}&#8220;][vc_column][gsf_space desktop=&#8220;640&#8243; tablet=&#8220;500&#8243; tablet_portrait=&#8220;400&#8243; mobile_landscape=&#8220;320&#8243; mobile=&#8220;250&#8243;][gsf_heading title=&#8220;TWF4JTIwRG9obmVy&#8220; title_color=&#8220;#ffffff&#8220; title_font_size=&#8220;100|80|60|48|40&#8243; sub_title_font_size=&#8220;18&#8243; el_class=&#8220;heading-border-bottom,mg-bottom-25&#8243;][vc_column_text el_class=&#8220;mg-bottom-50&#8243;] Schriftsteller [\/vc_column_text][\/vc_column][vc_column offset=&#8220;vc_col-lg-offset-2 vc_col-lg-8 vc_col-md-offset-1 vc_col-md-10&#8243;][vc_column_text]Geboren 1954 in Uetikon am See ZH. Germanistik und Philosophie an der Universit\u00e4t Z\u00fcrich, danach Deutschlehrer. 1980-1985 Aufenthalt in Nicaragua. Sprachlehrer an der Zentralamerikanischen Universit\u00e4t UCA, Managua. Daneben [&hellip;]<\/p>\n","protected":false},"author":1,"featured_media":0,"parent":0,"menu_order":0,"comment_status":"closed","ping_status":"closed","template":"","meta":[],"_links":{"self":[{"href":"https:\/\/maxdohner.ch\/web\/wp-json\/wp\/v2\/pages\/383"}],"collection":[{"href":"https:\/\/maxdohner.ch\/web\/wp-json\/wp\/v2\/pages"}],"about":[{"href":"https:\/\/maxdohner.ch\/web\/wp-json\/wp\/v2\/types\/page"}],"author":[{"embeddable":true,"href":"https:\/\/maxdohner.ch\/web\/wp-json\/wp\/v2\/users\/1"}],"replies":[{"embeddable":true,"href":"https:\/\/maxdohner.ch\/web\/wp-json\/wp\/v2\/comments?post=383"}],"version-history":[{"count":24,"href":"https:\/\/maxdohner.ch\/web\/wp-json\/wp\/v2\/pages\/383\/revisions"}],"predecessor-version":[{"id":1987,"href":"https:\/\/maxdohner.ch\/web\/wp-json\/wp\/v2\/pages\/383\/revisions\/1987"}],"wp:attachment":[{"href":"https:\/\/maxdohner.ch\/web\/wp-json\/wp\/v2\/media?parent=383"}],"curies":[{"name":"wp","href":"https:\/\/api.w.org\/{rel}","templated":true}]}}