{"id":645,"date":"2014-07-15T07:14:40","date_gmt":"2014-07-15T07:14:40","guid":{"rendered":"http:\/\/maxdohner.ch\/web\/?post_type=product&#038;p=645"},"modified":"2019-04-03T06:43:40","modified_gmt":"2019-04-03T06:43:40","slug":"das-gluck-der-fluchtigen","status":"publish","type":"product","link":"https:\/\/maxdohner.ch\/web\/product\/das-gluck-der-fluchtigen\/","title":{"rendered":"Das Gl\u00fcck der Fl\u00fcchtigen"},"content":{"rendered":"\r\n<figure class=\"wp-block-embed-youtube wp-block-embed is-type-video is-provider-youtube wp-embed-aspect-16-9 wp-has-aspect-ratio\"><div class=\"wp-block-embed__wrapper\">\r\n<iframe loading=\"lazy\" width=\"1170\" height=\"658\" src=\"https:\/\/www.youtube.com\/embed\/DYRX9580cx0?start=52&#038;feature=oembed\" frameborder=\"0\" allow=\"accelerometer; autoplay; encrypted-media; gyroscope; picture-in-picture\" allowfullscreen><\/iframe>\r\n<\/div><\/figure>\r\n","protected":false},"excerpt":{"rendered":"<p>Zwei grundverschiedene Freunde: einer spontan, lebenskr\u00e4ftig, r\u00fccksichtslos; der andere zur\u00fcckhaltend, vorsichtig, geduldig und treu. Wem von beiden kann das Leben gelingen? Und was geschieht, wenn beide sich in dieselbe Frau verlieben? Ein toskanisches Ferienhaus in den 1970er-Jahren. Wir treffen den verl\u00e4sslichen Imsand, den impulsiven B\u00e4nninger und dazwischen: Elena. Der eine heiratet sie, der andere setzt sich ab, in der Hoffnung, \u201edass Liebe auf lange Sicht die Richtigen zusammenf\u00fchrt\u201c. Die kommenden Jahrzehnte f\u00fchren die beiden Jugendfreunde bis nach Lateinamerika, und jeder Schritt, den sie auf ihrem Weg zur\u00fccklegen, verbreitert einen r\u00e4tselhaften Graben. Zun\u00e4chst zwischen ihnen \u2013 bis beide bemerken, dass es der eigene Weg ist, in den sie zu st\u00fcrzen drohen. Das Gl\u00fcck der Fl\u00fcchtigen erz\u00e4hlt miteinander verwobene Passionsgeschichten \u00fcber Vertrauen und Vertrauensbruch, Sexualit\u00e4t und Liebe, Freundschaft und Rivalit\u00e4t, Lebenshunger und Lebensneid. Warum ist Gl\u00fcck so ungerecht verteilt? Wie gelingt manchem Leichtsinnigen scheinbar alles, warum wird anderen trotz gr\u00f6\u00dfter Vorsicht alles zum Missgeschick? Mit jeder Seite ein Buch, das die alte Frage, wie man auf der Welt leben soll, wieder neu stellt.<br \/>\nVerlag Braum\u00fcller, Wien, 2014<\/p>\n","protected":false},"featured_media":1749,"comment_status":"open","ping_status":"closed","template":"","meta":[],"_links":{"self":[{"href":"https:\/\/maxdohner.ch\/web\/wp-json\/wp\/v2\/product\/645"}],"collection":[{"href":"https:\/\/maxdohner.ch\/web\/wp-json\/wp\/v2\/product"}],"about":[{"href":"https:\/\/maxdohner.ch\/web\/wp-json\/wp\/v2\/types\/product"}],"replies":[{"embeddable":true,"href":"https:\/\/maxdohner.ch\/web\/wp-json\/wp\/v2\/comments?post=645"}],"wp:featuredmedia":[{"embeddable":true,"href":"https:\/\/maxdohner.ch\/web\/wp-json\/wp\/v2\/media\/1749"}],"wp:attachment":[{"href":"https:\/\/maxdohner.ch\/web\/wp-json\/wp\/v2\/media?parent=645"}],"curies":[{"name":"wp","href":"https:\/\/api.w.org\/{rel}","templated":true}]}}